t p be 100/(-40)*(-56)/(-10). Let t be -4*106/p - (-26)/(-91). Calculate the highest common factor of t and 45.
15
Let g(l) = -7*l + 15. Let d be g(6). Let k = d - -31. Calculate the greatest common divisor of k and 40.
4
Let n be (-71 + 50)*(-1)/3. What is the greatest common divisor of 567 and n?
7
Let c(v) = -85*v + 4. Let g be c(-7). Let i = g + -419. Suppose i = 6*t - t. Calculate the greatest common factor of 6 and t.
6
Let l = -79 + 106. Calculate the highest common factor of 48 and l.
3
Let q = -24 + 44. Let s(g) = g - 2. Let z be s(7). What is the greatest common divisor of z and q?
5
Let k(j) = -3*j - 8. Let o be ((-4)/(-6)*-6)/(-2). Suppose -o*n = -4*n - 14. Let p be k(n). What is the greatest common divisor of 13 and p?
13
Let d(j) = -6*j + 1. Let y be d(-9). Suppose y + 23 = 6*p. Calculate the greatest common divisor of p and 1.
1
Suppose 12*x - 24 = -0*x. Let w = 23 + -9. What is the highest common divisor of w and x?
2
Suppose -4*v + 40 = m, -3*m = -4*m - 3*v + 41. Suppose -220 = 4*n - 0*n. Let t = -33 - n. Calculate the greatest common divisor of t and m.
22
Let s(b) = -b**2 + 10*b - 6. Let m be s(5). What is the greatest common factor of m and 304?
19
Suppose -47*m - 47 = -48*m. Suppose 0*y = -5*z + y + 51, -5*z = 3*y - m. Suppose 120 + 0 = 4*u. What is the highest common divisor of u and z?
10
Suppose -46*b - 2752 = -51*b + 3*q, -3*b = -5*q - 1648. What is the highest common factor of b and 203?
29
Let j be (945/84)/((-3)/(-32)). What is the highest common factor of 40 and j?
40
Suppose -757*j - 156 = -761*j. What is the highest common divisor of 559 and j?
13
Let k = -397 - -405. Let x(l) = l**3 + 9*l**2 + 8*l + 2. Let b be x(-8). What is the greatest common factor of b and k?
2
Let z(w) = -2*w**3 - 50*w**2 + 41*w - 65. Let r be z(-26). What is the greatest common divisor of 17 and r?
17
Let w = 241 - 178. Calculate the greatest common factor of 21 and w.
21
Let n(k) = k - 2. Let p be n(5). Suppose -p*m - 224 = -4*m. Suppose 2*u - m = -0*u. What is the greatest common factor of u and 16?
16
Suppose 0 = -3*r + 2*x + 922, -5*x = r - 222 - 57. Suppose 2*y + 5*j = 280, -y + 3*y - r = j. What is the greatest common factor of y and 25?
25
Suppose 0 = -327*d + 328*d - 336. What is the highest common factor of d and 21?
21
Let x = -431 + 679. What is the highest common factor of x and 8?
8
Let z be ((-78)/104)/(1 + 10/(-8)). Suppose 0 = z*c - 522 - 270. What is the highest common divisor of 33 and c?
33
Let b(n) = n**3 - 13*n**2 - 11*n - 10. Let w be b(14). What is the greatest common factor of w and 208?
16
Suppose -3*w = -0*w. Suppose -o - 4*s - s - 23 = w, 5*o + 5*s + 15 = 0. Suppose -a = -o*q, -4*a + 6 = -3*q - 9. What is the greatest common divisor of a and 54?
6
Suppose 1 = 5*k - y, 4*k - 2*k - 10 = -2*y. Let i = -33 + 26. Let c(l) = l**2 + 8*l + 15. Let r be c(i). What is the greatest common divisor of r and k?
1
Suppose 4*p + p = 10. Let x be (-3)/(-4) - (-21)/4. Suppose 4 = p*g - x. Calculate the highest common divisor of g and 35.
5
Suppose -m = -23*w + 24*w - 22, m + 35 = 2*w. Let u be 0 + 2 + (-55)/(-1). Calculate the greatest common factor of u and w.
19
Let g(c) = 4*c - 4. Let a be g(-17). Let h = a - -83. What is the greatest common divisor of 143 and h?
11
Let r(o) = -2*o**2 + 7. Let h be r(-4). Let u be -1*h/(-10)*-2. Calculate the highest common divisor of u and 20.
5
Let w = 106 - -181. Calculate the highest common divisor of w and 205.
41
Suppose 3*v = 4*v - 6. Let x(s) = s**2 - 7*s. Let y be x(6). Let b = v - y. What is the greatest common divisor of 96 and b?
12
Suppose 31 - 91 = -2*y. What is the greatest common factor of y and 210?
30
Let c be 591/(-4)*(-14 + 6). Let j = c + -1725. Let i = 862 + j. Calculate the highest common factor of i and 29.
29
Let o = -2418 - -4794. What is the greatest common divisor of 22 and o?
22
Let m = 42 + -37. Let q = m - -7. Calculate the greatest common factor of q and 96.
12
Let z = 5 - 4. Let m(w) = 2*w**3 - 15*w**2 - 5*w - 13. Let r be m(8). Calculate the highest common factor of r and z.
1
Let h(l) = 2*l**2 + 2*l - 4 + 8*l - 7*l. Let d be h(-3). Suppose d*b - 16 = 34. What is the highest common divisor of 80 and b?
10
Let p be 1*11 + (-1 - -1). Suppose -2*r - 1 + 21 = 0. Suppose -3*t + 0*t = -12, -3*t = -2*w - r. Calculate the highest common divisor of w and p.
1
Suppose 7835 = 16*x + 2331. What is the highest common divisor of x and 8?
8
Suppose -50 = -s - 5*j + 9, 5*s - j = 347. Calculate the highest common divisor of 12 and s.
3
Let a(k) be the second derivative of k**4/12 + 5*k**3/6 - 9*k**2 - 25*k. Let s be a(-15). Calculate the greatest common factor of s and 33.
33
Let w(g) be the third derivative of g**5/60 + g**4/4 + g**3/2 - 8*g**2 - 3. Let q be w(-7). What is the highest common factor of q and 80?
10
Let m = 24 - 23. Let g be (-20)/(-5) + m + 115. Calculate the highest common divisor of 12 and g.
12
Suppose -2616 = -4*c - 4*y, c = 3*c + 3*y - 1313. What is the highest common factor of c and 11?
11
Let c = -44 - -52. Suppose -2*l = -l - c. Suppose 128 = 3*t - 2*f, 4*t + 3*f - 108 = t. What is the greatest common divisor of l and t?
8
Let x(m) = -m**2 - 31*m - 126. Let s be x(-15). What is the greatest common factor of s and 399?
57
Suppose 20*s = 141 - 21. Calculate the highest common factor of 408 and s.
6
Let m be -2*(7479/(-6))/9. Suppose -6*o + 233 = -m. What is the highest common factor of 17 and o?
17
Let u = 3276 - 3180. What is the highest common factor of 1296 and u?
48
Let j(x) = x**3 + 30*x**2 + 29*x + 55. Let k be j(-29). What is the greatest common factor of 88 and k?
11
Let w = -4 + 33. Suppose -w = -q + 3*h, -3*q - 8*h + 45 = -3*h. Let a be (-61)/(-3) + (-2)/6. What is the greatest common factor of q and a?
20
Suppose 0 = -5*f + 3*l + 1472, 0 = 3*f - 4*l + 3*l - 884. Let x = f + -106. Calculate the highest common factor of x and 21.
21
Suppose 3*z = x - 2, -z - x = -3*z - 3. Suppose 6*m - 88 = 8. Suppose 6*f - 2*f = m. Calculate the highest common divisor of z and f.
1
Let r = 578 - 567. What is the highest common factor of r and 165?
11
Let s be ((-26)/(-4))/(5 + 84/(-16)). Let p be (s/(-39))/(4/378). What is the highest common factor of 42 and p?
21
Suppose 15*u - 69 = 12*u. Suppose 0 = 3*v - u - 13. Calculate the highest common factor of 2 and v.
2
Let x = -19 + 45. Suppose -4*s = -3*s - x. What is the greatest common divisor of 78 and s?
26
Let f(k) = -2*k**2 - 9*k - 1. Let i be f(-4). Suppose v = i*v - 4. What is the highest common factor of v and 5?
1
Suppose -4*d + 21 = -5*t, 19 - 1 = 4*d - 2*t. Calculate the greatest common divisor of 32 and d.
4
Suppose 176 = -67*a + 1583. Let b(p) = -p - 4. Let x be b(-7). What is the highest common factor of x and a?
3
Suppose 0 = -x + 15. Suppose 0 = 5*f - 2*w + w - 227, 0 = 4*w + 8. Calculate the greatest common divisor of x and f.
15
Let f = -705 + 755. What is the highest common factor of 1250 and f?
50
Suppose 200 = 12*r - 17*r. Let v be (2*75/r)/((-9)/192). What is the highest common factor of v and 48?
16
Suppose 2*p = -3*x + 75, 2*x + 140 = -4*p + 9*p. What is the greatest common divisor of 24 and p?
6
Suppose 0 = -2*p + 146 - 66. Calculate the highest common divisor of 200 and p.
40
Let o = -409 + 423. Calculate the highest common factor of 14 and o.
14
Let y be 266/6 - 2 - (-1)/(-3). Calculate the greatest common factor of y and 36.
6
Let g = 520 - 488. Calculate the highest common factor of g and 400.
16
Suppose -2*c + 60 = 2*b, 4*b = -0*c + c - 30. Calculate the highest common divisor of 10 and c.
10
Let u be 31934/42 - (-2)/(-6). Suppose 3*n + 199 = u. Calculate the greatest common divisor of n and 17.
17
Suppose 19*t = 38*t - 228. What is the greatest common divisor of t and 64?
4
Let i(u) = -28*u + 177. Let g be i(4). Calculate the highest common divisor of g and 26.
13
Suppose 5*q + 4*n = q - 252, 102 = -2*q + 4*n. Let b be (5 + q/4)/(6/(-8)). What is the greatest common factor of 52 and b?
13
Let u be (-660)/8*(-8)/6. Suppose 5*y - u = -50. What is the greatest common factor of y and 132?
12
Let g(q) = q - 3. Let n(r) = -r**3 + 5*r**2 - 3*r - 1. Let z be n(4). Let l be g(z). Suppose 16 = 2*x - l*x. What is the greatest common factor of 32 and x?
8
Let n be 3*(-6)/27*-108. Let v(u) =